composite number?
False
Is 27674569037 composite?
True
Is 59265103 composite?
True
Is 7403494561 composite?
False
Is 16787540461 prime?
True
Is 177618699969 a composite number?
True
Is 478188083 a composite number?
True
Is 740058521 composite?
True
Is 259141153 a composite number?
True
Is 390167461 prime?
False
Is 39895303139 composite?
True
Is 2144747509 prime?
False
Is 1983819206 a composite number?
True
Is 50967075973 composite?
True
Is 2219581313 a prime number?
True
Is 218167123 a composite number?
False
Is 36691802887 prime?
False
Is 2700605729 a composite number?
True
Is 88859387 a composite number?
False
Is 204096037 a prime number?
False
Is 133600913519 a composite number?
True
Is 20001097507 prime?
True
Is 807007339 composite?
False
Is 352418459 composite?
True
Is 209250967 prime?
True
Is 128033101433 a composite number?
False
Is 827394263 composite?
False
Is 258423356957 a prime number?
True
Is 286882847 a prime number?
True
Is 10888478494 a composite number?
True
Is 3323772577 prime?
True
Is 42948190139 a prime number?
True
Is 291717121 a prime number?
False
Is 587481107 prime?
False
Is 402821891 composite?
True
Is 40945233011 prime?
False
Is 147105053 a prime number?
True
Is 1438970131 prime?
False
Is 2973910955 prime?
False
Is 2471690087 composite?
False
Is 98582053 a composite number?
False
Is 49790549369 prime?
False
Is 775148531 prime?
False
Is 754042753 a composite number?
False
Is 46039967389 composite?
True
Is 4897106183 a composite number?
True
Is 1277754827 composite?
True
Is 142806557659 composite?
True
Is 5634395957 a composite number?
True
Is 44057549843 composite?
True
Is 7591839343 composite?
True
Is 2585305441 a composite number?
False
Is 1988132173 prime?
True
Is 1195001177 a prime number?
False
Is 34432045231 prime?
False
Is 1187431601 a prime number?
True
Is 2050081823 a composite number?
True
Is 1414867343 a prime number?
True
Is 28723535689 a composite number?
False
Is 14577007063 a composite number?
False
Is 439570759 a prime number?
False
Is 2772761357 composite?
False
Is 2081134141 a composite number?
True
Is 3598014913 a composite number?
True
Is 4191378377 composite?
False
Is 89183618497 a prime number?
True
Is 4109641807 a composite number?
False
Is 764169517 composite?
True
Is 1897144741 a composite number?
False
Is 864683453 composite?
True
Is 284657387 a composite number?
True
Is 70621949 a composite number?
True
Is 38552372753 a prime number?
True
Is 9997227698 a prime number?
False
Is 128052157 prime?
False
Is 3688192003 a composite number?
False
Is 18904089733 a prime number?
True
Is 2691878743 prime?
True
Is 781980613 a composite number?
True
Is 49710437121 a composite number?
True
Is 3936772409 a prime number?
True
Is 421072501 composite?
True
Is 208947859 composite?
False
Is 1104307651 composite?
True
Is 16052364023 composite?
False
Is 75887607787 a prime number?
False
Is 167451377443 a prime number?
False
Is 196055916821 a prime number?
True
Is 11585751745 a composite number?
True
Is 2519269843 a prime number?
True
Is 10605477547 composite?
True
Is 196244557 prime?
True
Is 81528079309 composite?
True
Is 1248312895 prime?
False
Is 5557526243 a prime number?
False
Is 23432224099 a prime number?
False
Is 8082057381 composite?
True
Is 8335918861 a composite number?
True
Is 33226899007 a composite number?
True
Is 3824087089 prime?
True
Is 2976190741 a composite number?
False
Is 2278718093 a composite number?
True
Is 2369824843 a prime number?
True
Is 4034615479 prime?
True
Is 491904899 prime?
False
Is 2331589553 composite?
True
Is 5255792299 a composite number?
True
Is 893941633 composite?
True
Is 1719427771 composite?
True
Is 2062300579 a prime number?
True
Is 3791302287 a prime number?
False
Is 1376451929 composite?
False
Is 16294860641 prime?
False
Is 41265138499 composite?
True
Is 694799803 a prime number?
True
Is 2313708637 a prime number?
True
Is 490193401 composite?
False
Is 884384959 a prime number?
True
Is 31106766557 prime?
True
Is 73585618853 a composite number?
True
Is 480246803 prime?
True
Is 12082368821 composite?
True
Is 1249808597 prime?
True
Is 7056243287 prime?
True
Is 95321153377 composite?
False
Is 1234321727 composite?
False
Is 511745249 composite?
False
Is 100873751 prime?
False
Is 4710597191 a prime number?
False
Is 916558771 prime?
True
Is 57686623 a prime number?
True
Is 311203237 composite?
False
Is 82151751091 a composite number?
False
Is 176718012215 a prime number?
False
Is 10915775231 a composite number?
False
Is 49286021 a composite number?
False
Is 125247817 a composite number?
False
Is 66687758047 a composite number?
False
Is 107505113381 a prime number?
False
Is 1829481593 composite?
True
Is 360585919 composite?
True
Is 3350138717 composite?
False
Is 7711630819 composite?
False
Is 5141238881 composite?
True
Is 861504299 composite?
True
Is 136462219 a composite number?
True
Is 1223337191 a prime number?
False
Is 1228161241 a prime number?
True
Is 25411830397 composite?
True
Is 306158339 composite?
True
Is 4702741801 a prime number?
False
Is 7031939 prime?
True
Is 267179707043 prime?
False
Is 845139287 prime?
True
Is 2960130101 a composite number?
True
Is 230743823 a prime number?
False
Is 24468523 composite?
True
Is 13851307489 a prime number?
False
Is 11074737449 a composite number?
False
Is 544078309 a composite number?
True
Is 74278931 a prime number?
False
Is 155497841 a prime number?
False
Is 78566351 prime?
False
Is 200654659 prime?
True
Is 3674642897 composite?
True
Is 1108276467 a composite number?
True
Is 3445521773 a prime number?
True
Is 1507998227 a composite number?
True
Is 397698065 a prime number?
False
Is 190658718727 composite?
True
Is 31687744423 prime?
True
Is 31504679053 composite?
True
Is 213669588677 prime?
False
Is 3078410479 a composite number?
True
Is 9127054223 a prime number?
False
Is 11333001453 a prime number?
False
Is 36347243 composite?
True
Is 10378868791 a composite number?
False
Is 1335496739 composite?
False
Is 454101523 a composite number?
True
Is 32856977 prime?
True
Is 504941147 a prime number?
True
Is 716249 a prime number?
True
Is 1408203661 a prime number?
False
Is 148087522157 a prime number?
True
Is 26784041794 a composite number?
True
Is 17803795177 a composite number?
True
Is 28490903317 prime?
True
Is 19891729901 a prime number?
True
Is 206597 prime?
True
Is 560839759 prime?
True
Is 6457756429 a composite number?
True
Is 212291539 prime?
True
Is 49424610685 composite?
True
Is 180528629 composite?
False
Is 5404851103 a prime number?
True
Is 17835767977 composite?
False
Is 69817190777 composite?
True
Is 9419947041 a prime number?
False
Is 1974528593 composite?
False
Is 45612618607 composite?
False
Is 118323570041 prime?
False
Is 6826208533 a composite number?
False
Is 4516278047 a composite number?
False
Is 2524500109 a composite number?
True
Is 1242199403 composite?
False
Is 1699201563 prime?
False
Is 2276533183 a prime number?
True
Is 7469091923 a composite number?
False
Is 1977361019 a prime number?
True
Is 349580159 a prime number?
True
Is 10028719315 a prime number?
False
Is 24546034349 composite?
False
Is 139554227 a prime number?
True
Is 22181838443 a composite number?
False
Is 1143276451 a composite number?
False
Is 27071434981 composite?
True
Is 35160808171 a composite number?
True
Is 2568330211 composite?
True
Is 1624793419 a composite number?
True
Is 15788220911 prime?
True
Is 1832744437 a composite number?
True
Is 14937019213 a composite number?
True
Is 5302292161 prime?
True
Is 1520691401 prime?
True
Is 6194825746 composite?
True
Is 105555481 a prime number?
True
Is 68832941 prime?
False
Is 1325826727 prime?
False
Is 15112723907 a composite number?
False
Is 3315940759 a prime number?
False
Is 2195003249 a composite number?
True
Is 1279799657 a prime number?
False
Is 45135720159 a composite number?
True
Is 116055763 a prime number?
True
Is 56824772561 prime?
True
Is 1756430999 a composite number?
False
Is 23542693937 composite?
True
Is 29631858281 a prime number?
True
Is 148992512671 composite?
False
Is 6482654873 prime?
True
Is 888125459 composite?
True
Is 26705905597 prime?
False
Is 17948387311 a composite number?
False
Is 12132482279 prime?
True
Is 1453371649 composite?
True
Is 15723641861 composite?
Fals